{"id":175,"date":"2018-03-01T15:51:35","date_gmt":"2018-03-01T14:51:35","guid":{"rendered":"http:\/\/www.therapiepraxis-balli.de\/imprint\/"},"modified":"2024-04-30T13:10:21","modified_gmt":"2024-04-30T11:10:21","slug":"imprint","status":"publish","type":"page","link":"https:\/\/www.therapiepraxis-balli.de\/en\/imprint\/","title":{"rendered":"Imprint"},"content":{"rendered":"<p><div class=\"fusion-fullwidth fullwidth-box fusion-builder-row-1 nonhundred-percent-fullwidth non-hundred-percent-height-scrolling\" style=\"--awb-border-radius-top-left:0px;--awb-border-radius-top-right:0px;--awb-border-radius-bottom-right:0px;--awb-border-radius-bottom-left:0px;--awb-flex-wrap:wrap;\" ><div class=\"fusion-builder-row fusion-row\"><div class=\"fusion-layout-column fusion_builder_column fusion-builder-column-0 fusion_builder_column_1_3 1_3 fusion-one-third fusion-column-first\" style=\"--awb-bg-size:cover;width:33.333333333333%;width:calc(33.333333333333% - ( ( 4% ) * 0.33333333333333 ) );margin-right: 4%;\"><div class=\"fusion-column-wrapper fusion-flex-column-wrapper-legacy\"><div class=\"fusion-title title fusion-title-1 fusion-sep-none fusion-title-text fusion-title-size-one headline-title\" style=\"--awb-margin-bottom:0px;\"><h1 class=\"fusion-title-heading title-heading-left\" style=\"margin:0;\">Imprint<\/h1><\/div><div class=\"fusion-sep-clear\"><\/div><div class=\"fusion-separator fusion-clearfix\" style=\"float:left;margin-top:26px;margin-bottom:26px;width:100%;max-width:18%;\"><div class=\"fusion-separator-border sep-single\" style=\"--awb-height:20px;--awb-amount:20px;border-color:var(--awb-color5);border-top-width:1px;\"><\/div><\/div><div class=\"fusion-sep-clear\"><\/div><div class=\"fusion-clearfix\"><\/div><\/div><\/div><div class=\"fusion-layout-column fusion_builder_column fusion-builder-column-1 fusion_builder_column_2_3 2_3 fusion-two-third fusion-column-last\" style=\"--awb-bg-size:cover;width:66.666666666667%;width:calc(66.666666666667% - ( ( 4% ) * 0.66666666666667 ) );\"><div class=\"fusion-column-wrapper fusion-flex-column-wrapper-legacy\"><div class=\"fusion-text fusion-text-1\"><p>Therapiepraxis Verena Balli<br \/>\nB. Sc., M. Sc. Verena Balli<br \/>\nPsychologische Psychotherapeutin<br \/>\nLindenstra\u00dfe 11<br \/>\n61231 Bad Nauheim<\/p>\n<p>Telefon: 06032 \u2013 786 24 01<br \/>\nMobil: 0157 \u2013 751 952 78<\/p>\n<p>E-Mail: info@therapiepraxis-balli.de<br \/>\nWeb: www.therapiepraxis-balli.de<\/p>\n<p><b>Zust\u00e4ndige Kammer:<\/b><br \/>\nPsychotherapeutenkammer Hessen<br \/>\nFrankfurter Str. 8<br \/>\n65189 Wiesbaden<br \/>\nTelefon: 0611 \u2013 531 68-0<br \/>\nTelefax: 0611 \u2013 531 68-29<br \/>\nwww.psychotherapeutenkammer-hessen.de<\/p>\n<p><b>Kassen\u00e4rztliche Vereinigung:<\/b><br \/>\nKassen\u00e4rztliche Vereinigung Hessen<br \/>\nEuropa-Allee 90<br \/>\n60486 Frankfurt<br \/>\nTel. 069 \u2013 24741-7777<br \/>\nFax: 069 \u2013 24741-68826<br \/>\nwww.kvhessen.de<\/p>\n<p><b>Berufsrechtliche Regelungen:<\/b><br \/>\nPsychotherapeutengesetz \u2013 PsychThG vom 16. Juni 1998 (BGBl. S. 1311), zuletzt ge\u00e4ndert am 20. Juni 2002 (BGBl. I S.1946, 1996).<br \/>\nBerufsordnung der Psychotherapeutenkammer Hessen vom 25. April 2009.<\/p>\n<\/div><div class=\"fusion-clearfix\"><\/div><\/div><\/div><\/div><\/div><div class=\"fusion-fullwidth fullwidth-box fusion-builder-row-2 nonhundred-percent-fullwidth non-hundred-percent-height-scrolling\" style=\"--awb-border-radius-top-left:0px;--awb-border-radius-top-right:0px;--awb-border-radius-bottom-right:0px;--awb-border-radius-bottom-left:0px;--awb-margin-top:60px;--awb-flex-wrap:wrap;\" ><div class=\"fusion-builder-row fusion-row\"><div class=\"fusion-layout-column fusion_builder_column fusion-builder-column-2 fusion_builder_column_1_1 1_1 fusion-one-full fusion-column-first fusion-column-last\" style=\"--awb-bg-size:cover;\"><div class=\"fusion-column-wrapper fusion-flex-column-wrapper-legacy\"><div class=\"fusion-title title fusion-title-2 fusion-sep-none fusion-title-text fusion-title-size-two\" style=\"--awb-margin-bottom:0px;\"><h2 class=\"fusion-title-heading title-heading-left\" style=\"margin:0;\">Informationen zu Haftung<\/h2><\/div><div class=\"fusion-sep-clear\"><\/div><div class=\"fusion-separator fusion-clearfix\" style=\"float:left;margin-top:26px;margin-bottom:26px;width:100%;max-width:10%;\"><div class=\"fusion-separator-border sep-single\" style=\"--awb-height:20px;--awb-amount:20px;border-color:var(--awb-color5);border-top-width:1px;\"><\/div><\/div><div class=\"fusion-sep-clear\"><\/div><div class=\"fusion-text fusion-text-2\"><h3>STREITSCHLICHTUNG<\/h3>\n<p>Die Europ\u00e4ische Kommission stellt eine Plattform zur Online-Streitbeilegung (OS) bereit:\u00a0<a href=\"https:\/\/ec.europa.eu\/consumers\/odr\" target=\"_blank\" rel=\"noopener\">https:\/\/ec.europa.eu\/consumers\/odr<\/a>.<br \/>\nUnsere E-Mail-Adresse finden Sie oben im Impressum.<\/p>\n<p>Wir sind nicht bereit oder verpflichtet, an Streitbeilegungsverfahren vor einer Verbraucherschlichtungsstelle teilzunehmen.<\/p>\n<h3>HAFTUNG F\u00dcR INHALTE<\/h3>\n<p>Als Diensteanbieter sind wir gem\u00e4\u00df \u00a7 7 Abs.1 TMG f\u00fcr eigene Inhalte auf diesen Seiten nach den allgemeinen Gesetzen verantwortlich. Nach \u00a7\u00a7 8 bis 10 TMG sind wir als Diensteanbieter jedoch nicht verpflichtet, \u00fcbermittelte oder gespeicherte fremde Informationen zu \u00fcberwachen oder nach Umst\u00e4nden zu forschen, die auf eine rechtswidrige T\u00e4tigkeit hinweisen.<\/p>\n<p>Verpflichtungen zur Entfernung oder Sperrung der Nutzung von Informationen nach den allgemeinen Gesetzen bleiben hiervon unber\u00fchrt. Eine diesbez\u00fcgliche Haftung ist jedoch erst ab dem Zeitpunkt der Kenntnis einer konkreten Rechtsverletzung m\u00f6glich. Bei Bekanntwerden von entsprechenden Rechtsverletzungen werden wir diese Inhalte umgehend entfernen.<\/p>\n<h3>HAFTUNG F\u00dcR LINKS<\/h3>\n<p>Unser Angebot enth\u00e4lt Links zu externen Websites Dritter, auf deren Inhalte wir keinen Einfluss haben. Deshalb k\u00f6nnen wir f\u00fcr diese fremden Inhalte auch keine Gew\u00e4hr \u00fcbernehmen. F\u00fcr die Inhalte der verlinkten Seiten ist stets der jeweilige Anbieter oder Betreiber der Seiten verantwortlich. Die verlinkten Seiten wurden zum Zeitpunkt der Verlinkung auf m\u00f6gliche Rechtsverst\u00f6\u00dfe \u00fcberpr\u00fcft. Rechtswidrige Inhalte waren zum Zeitpunkt der Verlinkung nicht erkennbar.<\/p>\n<p>Eine permanente inhaltliche Kontrolle der verlinkten Seiten ist jedoch ohne konkrete Anhaltspunkte einer Rechtsverletzung nicht zumutbar. Bei Bekanntwerden von Rechtsverletzungen werden wir derartige Links umgehend entfernen.<\/p>\n<h3>URHEBERRECHT<\/h3>\n<p>Die durch die Seitenbetreiber erstellten Inhalte und Werke auf diesen Seiten unterliegen dem deutschen Urheberrecht. Die Vervielf\u00e4ltigung, Bearbeitung, Verbreitung und jede Art der Verwertung au\u00dferhalb der Grenzen des Urheberrechtes bed\u00fcrfen der schriftlichen Zustimmung des jeweiligen Autors bzw. Erstellers. Downloads und Kopien dieser Seite sind nur f\u00fcr den privaten, nicht kommerziellen Gebrauch gestattet.<\/p>\n<p>Soweit die Inhalte auf dieser Seite nicht vom Betreiber erstellt wurden, werden die Urheberrechte Dritter beachtet. Insbesondere werden Inhalte Dritter als solche gekennzeichnet. Sollten Sie trotzdem auf eine Urheberrechtsverletzung aufmerksam werden, bitten wir um einen entsprechenden Hinweis. Bei Bekanntwerden von Rechtsverletzungen werden wir derartige Inhalte umgehend entfernen.<\/p>\n<p><b>Rechtliche Hinweise<\/b><br \/>\nDas Rechtsverh\u00e4ltnis zwischen dem Heilpraktiker (Psychotherapie) und dem Klienten bzw. Patienten ist begr\u00fcndet auf dem Dienstvertragsrecht des B\u00fcrgerlichen Gesetzbuches (BGB).<\/p>\n<p>Daneben gilt das Gesetz \u00fcber die berufsm\u00e4\u00dfige Aus\u00fcbung der Heilkunde ohne Bestallung (Heilpraktikergesetz) vom 17.02.1939 (RGBL Seite 251), ge\u00e4ndert durch Art. 53 des EGStGB vom 02.03.1974 (BGB1. Seite 469)<\/p>\n<\/div><div class=\"fusion-clearfix\"><\/div><\/div><\/div><\/div><\/div><\/p>\n","protected":false},"excerpt":{"rendered":"","protected":false},"author":1,"featured_media":0,"parent":0,"menu_order":0,"comment_status":"closed","ping_status":"closed","template":"100-width.php","meta":{"footnotes":""},"class_list":["post-175","page","type-page","status-publish","hentry"],"yoast_head":"<!-- This site is optimized with the Yoast SEO plugin v27.5 - https:\/\/yoast.com\/product\/yoast-seo-wordpress\/ -->\n<title>Imprint - Therapiepraxis Verena Balli<\/title>\n<meta name=\"robots\" content=\"index, follow, max-snippet:-1, max-image-preview:large, max-video-preview:-1\" \/>\n<link rel=\"canonical\" href=\"https:\/\/www.therapiepraxis-balli.de\/en\/imprint\/\" \/>\n<meta property=\"og:locale\" content=\"en_US\" \/>\n<meta property=\"og:type\" content=\"article\" \/>\n<meta property=\"og:title\" content=\"Imprint - Therapiepraxis Verena Balli\" \/>\n<meta property=\"og:url\" content=\"https:\/\/www.therapiepraxis-balli.de\/en\/imprint\/\" \/>\n<meta property=\"og:site_name\" content=\"Therapiepraxis Verena Balli\" \/>\n<meta property=\"article:modified_time\" content=\"2024-04-30T11:10:21+00:00\" \/>\n<meta name=\"twitter:card\" content=\"summary_large_image\" \/>\n<meta name=\"twitter:label1\" content=\"Est. reading time\" \/>\n\t<meta name=\"twitter:data1\" content=\"3 minutes\" \/>\n<script type=\"application\/ld+json\" class=\"yoast-schema-graph\">{\"@context\":\"https:\\\/\\\/schema.org\",\"@graph\":[{\"@type\":\"WebPage\",\"@id\":\"https:\\\/\\\/www.therapiepraxis-balli.de\\\/en\\\/imprint\\\/\",\"url\":\"https:\\\/\\\/www.therapiepraxis-balli.de\\\/en\\\/imprint\\\/\",\"name\":\"Imprint - Therapiepraxis Verena Balli\",\"isPartOf\":{\"@id\":\"https:\\\/\\\/www.therapiepraxis-balli.de\\\/#website\"},\"datePublished\":\"2018-03-01T14:51:35+00:00\",\"dateModified\":\"2024-04-30T11:10:21+00:00\",\"breadcrumb\":{\"@id\":\"https:\\\/\\\/www.therapiepraxis-balli.de\\\/en\\\/imprint\\\/#breadcrumb\"},\"inLanguage\":\"en-US\",\"potentialAction\":[{\"@type\":\"ReadAction\",\"target\":[\"https:\\\/\\\/www.therapiepraxis-balli.de\\\/en\\\/imprint\\\/\"]}]},{\"@type\":\"BreadcrumbList\",\"@id\":\"https:\\\/\\\/www.therapiepraxis-balli.de\\\/en\\\/imprint\\\/#breadcrumb\",\"itemListElement\":[{\"@type\":\"ListItem\",\"position\":1,\"name\":\"Startseite\",\"item\":\"https:\\\/\\\/www.therapiepraxis-balli.de\\\/en\\\/\"},{\"@type\":\"ListItem\",\"position\":2,\"name\":\"Imprint\"}]},{\"@type\":\"WebSite\",\"@id\":\"https:\\\/\\\/www.therapiepraxis-balli.de\\\/#website\",\"url\":\"https:\\\/\\\/www.therapiepraxis-balli.de\\\/\",\"name\":\"Therapiepraxis Verena Balli\",\"description\":\"Psychologische Psychotherapeutin\",\"potentialAction\":[{\"@type\":\"SearchAction\",\"target\":{\"@type\":\"EntryPoint\",\"urlTemplate\":\"https:\\\/\\\/www.therapiepraxis-balli.de\\\/?s={search_term_string}\"},\"query-input\":{\"@type\":\"PropertyValueSpecification\",\"valueRequired\":true,\"valueName\":\"search_term_string\"}}],\"inLanguage\":\"en-US\"}]}<\/script>\n<!-- \/ Yoast SEO plugin. -->","yoast_head_json":{"title":"Imprint - Therapiepraxis Verena Balli","robots":{"index":"index","follow":"follow","max-snippet":"max-snippet:-1","max-image-preview":"max-image-preview:large","max-video-preview":"max-video-preview:-1"},"canonical":"https:\/\/www.therapiepraxis-balli.de\/en\/imprint\/","og_locale":"en_US","og_type":"article","og_title":"Imprint - Therapiepraxis Verena Balli","og_url":"https:\/\/www.therapiepraxis-balli.de\/en\/imprint\/","og_site_name":"Therapiepraxis Verena Balli","article_modified_time":"2024-04-30T11:10:21+00:00","twitter_card":"summary_large_image","twitter_misc":{"Est. reading time":"3 minutes"},"schema":{"@context":"https:\/\/schema.org","@graph":[{"@type":"WebPage","@id":"https:\/\/www.therapiepraxis-balli.de\/en\/imprint\/","url":"https:\/\/www.therapiepraxis-balli.de\/en\/imprint\/","name":"Imprint - Therapiepraxis Verena Balli","isPartOf":{"@id":"https:\/\/www.therapiepraxis-balli.de\/#website"},"datePublished":"2018-03-01T14:51:35+00:00","dateModified":"2024-04-30T11:10:21+00:00","breadcrumb":{"@id":"https:\/\/www.therapiepraxis-balli.de\/en\/imprint\/#breadcrumb"},"inLanguage":"en-US","potentialAction":[{"@type":"ReadAction","target":["https:\/\/www.therapiepraxis-balli.de\/en\/imprint\/"]}]},{"@type":"BreadcrumbList","@id":"https:\/\/www.therapiepraxis-balli.de\/en\/imprint\/#breadcrumb","itemListElement":[{"@type":"ListItem","position":1,"name":"Startseite","item":"https:\/\/www.therapiepraxis-balli.de\/en\/"},{"@type":"ListItem","position":2,"name":"Imprint"}]},{"@type":"WebSite","@id":"https:\/\/www.therapiepraxis-balli.de\/#website","url":"https:\/\/www.therapiepraxis-balli.de\/","name":"Therapiepraxis Verena Balli","description":"Psychologische Psychotherapeutin","potentialAction":[{"@type":"SearchAction","target":{"@type":"EntryPoint","urlTemplate":"https:\/\/www.therapiepraxis-balli.de\/?s={search_term_string}"},"query-input":{"@type":"PropertyValueSpecification","valueRequired":true,"valueName":"search_term_string"}}],"inLanguage":"en-US"}]}},"_links":{"self":[{"href":"https:\/\/www.therapiepraxis-balli.de\/en\/wp-json\/wp\/v2\/pages\/175","targetHints":{"allow":["GET"]}}],"collection":[{"href":"https:\/\/www.therapiepraxis-balli.de\/en\/wp-json\/wp\/v2\/pages"}],"about":[{"href":"https:\/\/www.therapiepraxis-balli.de\/en\/wp-json\/wp\/v2\/types\/page"}],"author":[{"embeddable":true,"href":"https:\/\/www.therapiepraxis-balli.de\/en\/wp-json\/wp\/v2\/users\/1"}],"replies":[{"embeddable":true,"href":"https:\/\/www.therapiepraxis-balli.de\/en\/wp-json\/wp\/v2\/comments?post=175"}],"version-history":[{"count":5,"href":"https:\/\/www.therapiepraxis-balli.de\/en\/wp-json\/wp\/v2\/pages\/175\/revisions"}],"predecessor-version":[{"id":448,"href":"https:\/\/www.therapiepraxis-balli.de\/en\/wp-json\/wp\/v2\/pages\/175\/revisions\/448"}],"wp:attachment":[{"href":"https:\/\/www.therapiepraxis-balli.de\/en\/wp-json\/wp\/v2\/media?parent=175"}],"curies":[{"name":"wp","href":"https:\/\/api.w.org\/{rel}","templated":true}]}}

<p><div class="fusion-fullwidth fullwidth-box fusion-builder-row-1 nonhundred-percent-fullwidth non-hundred-percent-height-scrolling" style="--awb-border-radius-top-left:0px;--awb-border-radius-top-right:0px;--awb-border-radius-bottom-right:0px;--awb-border-radius-bottom-left:0px;--awb-flex-wrap:wrap;" ><div class="fusion-builder-row fusion-row"><div class="fusion-layout-column fusion_builder_column fusion-builder-column-0 fusion_builder_column_1_3 1_3 fusion-one-third fusion-column-first" style="--awb-bg-size:cover;width:33.333333333333%;width:calc(33.333333333333% - ( ( 4% ) * 0.33333333333333 ) );margin-right: 4%;"><div class="fusion-column-wrapper fusion-flex-column-wrapper-legacy"><div class="fusion-title title fusion-title-1 fusion-sep-none fusion-title-text fusion-title-size-one headline-title" style="--awb-margin-bottom:0px;"><h1 class="fusion-title-heading title-heading-left" style="margin:0;">Imprint</h1></div><div class="fusion-sep-clear"></div><div class="fusion-separator fusion-clearfix" style="float:left;margin-top:26px;margin-bottom:26px;width:100%;max-width:18%;"><div class="fusion-separator-border sep-single" style="--awb-height:20px;--awb-amount:20px;border-color:var(--awb-color5);border-top-width:1px;"></div></div><div class="fusion-sep-clear"></div><div class="fusion-clearfix"></div></div></div><div class="fusion-layout-column fusion_builder_column fusion-builder-column-1 fusion_builder_column_2_3 2_3 fusion-two-third fusion-column-last" style="--awb-bg-size:cover;width:66.666666666667%;width:calc(66.666666666667% - ( ( 4% ) * 0.66666666666667 ) );"><div class="fusion-column-wrapper fusion-flex-column-wrapper-legacy"><div class="fusion-text fusion-text-1"><p>Therapiepraxis Verena Balli<br />
B. Sc., M. Sc. Verena Balli<br />
Psychologische Psychotherapeutin<br />
Lindenstraße 11<br />
61231 Bad Nauheim</p>
<p>Telefon: 06032 – 786 24 01<br />
Mobil: 0157 – 751 952 78</p>
<p>E-Mail: info@therapiepraxis-balli.de<br />
Web: www.therapiepraxis-balli.de</p>
<p><b>Zuständige Kammer:</b><br />
Psychotherapeutenkammer Hessen<br />
Frankfurter Str. 8<br />
65189 Wiesbaden<br />
Telefon: 0611 – 531 68-0<br />
Telefax: 0611 – 531 68-29<br />
www.psychotherapeutenkammer-hessen.de</p>
<p><b>Kassenärztliche Vereinigung:</b><br />
Kassenärztliche Vereinigung Hessen<br />
Europa-Allee 90<br />
60486 Frankfurt<br />
Tel. 069 – 24741-7777<br />
Fax: 069 – 24741-68826<br />
www.kvhessen.de</p>
<p><b>Berufsrechtliche Regelungen:</b><br />
Psychotherapeutengesetz – PsychThG vom 16. Juni 1998 (BGBl. S. 1311), zuletzt geändert am 20. Juni 2002 (BGBl. I S.1946, 1996).<br />
Berufsordnung der Psychotherapeutenkammer Hessen vom 25. April 2009.</p>
</div><div class="fusion-clearfix"></div></div></div></div></div><div class="fusion-fullwidth fullwidth-box fusion-builder-row-2 nonhundred-percent-fullwidth non-hundred-percent-height-scrolling" style="--awb-border-radius-top-left:0px;--awb-border-radius-top-right:0px;--awb-border-radius-bottom-right:0px;--awb-border-radius-bottom-left:0px;--awb-margin-top:60px;--awb-flex-wrap:wrap;" ><div class="fusion-builder-row fusion-row"><div class="fusion-layout-column fusion_builder_column fusion-builder-column-2 fusion_builder_column_1_1 1_1 fusion-one-full fusion-column-first fusion-column-last" style="--awb-bg-size:cover;"><div class="fusion-column-wrapper fusion-flex-column-wrapper-legacy"><div class="fusion-title title fusion-title-2 fusion-sep-none fusion-title-text fusion-title-size-two" style="--awb-margin-bottom:0px;"><h2 class="fusion-title-heading title-heading-left" style="margin:0;">Informationen zu Haftung</h2></div><div class="fusion-sep-clear"></div><div class="fusion-separator fusion-clearfix" style="float:left;margin-top:26px;margin-bottom:26px;width:100%;max-width:10%;"><div class="fusion-separator-border sep-single" style="--awb-height:20px;--awb-amount:20px;border-color:var(--awb-color5);border-top-width:1px;"></div></div><div class="fusion-sep-clear"></div><div class="fusion-text fusion-text-2"><h3>STREITSCHLICHTUNG</h3>
<p>Die Europäische Kommission stellt eine Plattform zur Online-Streitbeilegung (OS) bereit: <a href="https://ec.europa.eu/consumers/odr" target="_blank" rel="noopener">https://ec.europa.eu/consumers/odr</a>.<br />
Unsere E-Mail-Adresse finden Sie oben im Impressum.</p>
<p>Wir sind nicht bereit oder verpflichtet, an Streitbeilegungsverfahren vor einer Verbraucherschlichtungsstelle teilzunehmen.</p>
<h3>HAFTUNG FÜR INHALTE</h3>
<p>Als Diensteanbieter sind wir gemäß § 7 Abs.1 TMG für eigene Inhalte auf diesen Seiten nach den allgemeinen Gesetzen verantwortlich. Nach §§ 8 bis 10 TMG sind wir als Diensteanbieter jedoch nicht verpflichtet, übermittelte oder gespeicherte fremde Informationen zu überwachen oder nach Umständen zu forschen, die auf eine rechtswidrige Tätigkeit hinweisen.</p>
<p>Verpflichtungen zur Entfernung oder Sperrung der Nutzung von Informationen nach den allgemeinen Gesetzen bleiben hiervon unberührt. Eine diesbezügliche Haftung ist jedoch erst ab dem Zeitpunkt der Kenntnis einer konkreten Rechtsverletzung möglich. Bei Bekanntwerden von entsprechenden Rechtsverletzungen werden wir diese Inhalte umgehend entfernen.</p>
<h3>HAFTUNG FÜR LINKS</h3>
<p>Unser Angebot enthält Links zu externen Websites Dritter, auf deren Inhalte wir keinen Einfluss haben. Deshalb können wir für diese fremden Inhalte auch keine Gewähr übernehmen. Für die Inhalte der verlinkten Seiten ist stets der jeweilige Anbieter oder Betreiber der Seiten verantwortlich. Die verlinkten Seiten wurden zum Zeitpunkt der Verlinkung auf mögliche Rechtsverstöße überprüft. Rechtswidrige Inhalte waren zum Zeitpunkt der Verlinkung nicht erkennbar.</p>
<p>Eine permanente inhaltliche Kontrolle der verlinkten Seiten ist jedoch ohne konkrete Anhaltspunkte einer Rechtsverletzung nicht zumutbar. Bei Bekanntwerden von Rechtsverletzungen werden wir derartige Links umgehend entfernen.</p>
<h3>URHEBERRECHT</h3>
<p>Die durch die Seitenbetreiber erstellten Inhalte und Werke auf diesen Seiten unterliegen dem deutschen Urheberrecht. Die Vervielfältigung, Bearbeitung, Verbreitung und jede Art der Verwertung außerhalb der Grenzen des Urheberrechtes bedürfen der schriftlichen Zustimmung des jeweiligen Autors bzw. Erstellers. Downloads und Kopien dieser Seite sind nur für den privaten, nicht kommerziellen Gebrauch gestattet.</p>
<p>Soweit die Inhalte auf dieser Seite nicht vom Betreiber erstellt wurden, werden die Urheberrechte Dritter beachtet. Insbesondere werden Inhalte Dritter als solche gekennzeichnet. Sollten Sie trotzdem auf eine Urheberrechtsverletzung aufmerksam werden, bitten wir um einen entsprechenden Hinweis. Bei Bekanntwerden von Rechtsverletzungen werden wir derartige Inhalte umgehend entfernen.</p>
<p><b>Rechtliche Hinweise</b><br />
Das Rechtsverhältnis zwischen dem Heilpraktiker (Psychotherapie) und dem Klienten bzw. Patienten ist begründet auf dem Dienstvertragsrecht des Bürgerlichen Gesetzbuches (BGB).</p>
<p>Daneben gilt das Gesetz über die berufsmäßige Ausübung der Heilkunde ohne Bestallung (Heilpraktikergesetz) vom 17.02.1939 (RGBL Seite 251), geändert durch Art. 53 des EGStGB vom 02.03.1974 (BGB1. Seite 469)</p>
</div><div class="fusion-clearfix"></div></div></div></div></div></p>
